hat is the highest common factor of 4 and v?
4
Suppose -27*b = -25*b - 192. Calculate the greatest common divisor of 12 and b.
12
Suppose -14*y = -16*y + 10. Let k(r) = 2*r**2 - r - 3. Let m be k(4). Calculate the highest common divisor of m and y.
5
Suppose -4*s = 4*v - 76, 4*s + 0*s - 78 = -5*v. What is the highest common divisor of 85 and s?
17
Let x(r) = r**3 + 2*r**2 - 4*r + 6. Let y be x(-6). Let m = -78 - y. What is the greatest common factor of m and 18?
18
Suppose -4*u - 26 = -6*u. Calculate the highest common factor of 26 and u.
13
Suppose p + 2 - 3 = 0. Let n be p/((-4)/18)*2. Let o be (-3)/2*12/n. Calculate the highest common divisor of o and 6.
2
Let r be (-3)/4*(-127 - 5). Let u(s) = 4*s**3 + 5*s**2 + 3*s + 3. Let c be u(-3). Let b = c + r. Calculate the highest common factor of b and 20.
10
Suppose -5*b + 509 = d - 1036, 5*d = -b + 333. Suppose 0 = 4*o - 4*u - b, 3*u - 57 = -o - 0*o. What is the greatest common divisor of 9 and o?
9
Let g(h) = -h + 6. Suppose -4*n + 22 = 2*d, 0*d + 2*d + 5*n = 25. Let r be g(d). What is the highest common divisor of r and 8?
1
Let d(t) = t**3 + 5*t**2 + 3*t - 3. Suppose -3 = -5*k - 18. Let x be d(k). Let w = -7 + 13. What is the highest common factor of w and x?
6
Suppose 95 = -3*n + 8*n. Suppose 4*m - 2*b - n = -7*b, -34 = -5*m + 4*b. Calculate the highest common divisor of m and 3.
3
Suppose -2*m = -4*r + 18, -5*m = 2*r - 3 - 12. Let l = 14 + -14. Suppose -3*x = -l*x - 30. What is the greatest common factor of r and x?
5
Let u(w) = -w**2 + w**2 + 12*w + w**2 - 5 + w**2. Let k be u(-8). Calculate the highest common divisor of 108 and k.
27
Let j(a) = 7*a + 1. Let n be j(5). Suppose -u + 5*u = 24. Calculate the highest common divisor of u and n.
6
Suppose q - 17 = -d, 3 = q - 4*d - 4. What is the highest common factor of 135 and q?
15
Let k(n) = -27*n - 7. Let w be k(-8). Calculate the highest common factor of 19 and w.
19
Let o = 55 + -26. Calculate the highest common factor of o and 29.
29
Let c be (-16)/((-8 - 0)/4). Calculate the highest common factor of c and 56.
8
Let o = 173 + -118. Let h be (-3)/(-2) + 6/12. Suppose h*l = l + o. Calculate the greatest common factor of l and 22.
11
Let z(j) = 8*j**2. Let b(d) = 8*d**2. Let x(m) = 5*b(m) - 4*z(m). Let w be x(1). Calculate the greatest common factor of 4 and w.
4
Suppose 3*z + 3*y - 17 = z, -4*z - 3*y = -25. Suppose -z*d + 100 = -68. What is the greatest common divisor of 6 and d?
6
Suppose 0*o - 5*o = -40. Let n = 14 - o. Suppose -i + n*i = 585. What is the highest common divisor of i and 13?
13
Let w(s) = -s**2 + 12*s - 9. Let t be w(6). Calculate the highest common factor of 1 and t.
1
Suppose -3*d = -0*d - 36. What is the highest common factor of d and 60?
12
Suppose -u + 10 = u, -2*z - 4*u = -32. Suppose z*k = 2*k + 704. Calculate the highest common divisor of 16 and k.
16
Let q(i) = 9*i + 6. Let g be q(6). Suppose -4*k - 44 = -2*o + 8, 0 = o + 3*k - 21. What is the greatest common factor of g and o?
12
Let u = 4 - -1. What is the greatest common divisor of u and 20?
5
Let n(g) = 3*g + 5. Let k be n(5). Let s be ((-18)/8 - -3)*k. Calculate the greatest common factor of 3 and s.
3
Let l(b) = -3*b - 1. Suppose 0 = -3*q - 1 - 2. Let s be l(q). Suppose s*t = 27 - 9. What is the highest common factor of 18 and t?
9
Let s be 109/(-5) - 1/5. Let u = -13 - s. What is the greatest common divisor of 6 and u?
3
Suppose 5*r - 8 = 4*r. Calculate the highest common divisor of 20 and r.
4
Let q = 17 - 9. Let k(x) = 1 - 1 - 22*x. Let j be k(-4). What is the greatest common factor of q and j?
8
Let r be 2*3/9*15. What is the greatest common divisor of r and 20?
10
Let t = 33 - -1. Calculate the highest common factor of 85 and t.
17
Let y = 133 - 89. Let p(z) = 2*z**2 + 3*z. Let d be p(-2). Suppose 2*j - 22 = 4*q, -22 = -2*j - q + d*q. Calculate the greatest common divisor of j and y.
11
Suppose 0 = -3*x - 2*x - 3*q - 6, -2*q = 5*x + 4. Suppose -4*c = -3*k + 6*k - 21, x = -5*c - 3*k + 30. What is the greatest common divisor of c and 9?
9
Suppose 14*r - 900 = 5*r. What is the greatest common factor of 20 and r?
20
Let z = 92 + -52. Calculate the highest common factor of z and 40.
40
Let n(f) = 6*f + 7*f + 2*f**2 - 4*f - 4*f. Let s be n(-4). What is the greatest common factor of 12 and s?
12
Suppose -112 - 56 = -2*x. Let i = -6 + 18. What is the highest common factor of x and i?
12
Suppose 0 = -4*p - 2*u + 6, 16 = -3*p + 5*u + 40. Suppose p*x - 2*x - 13 = 0. Calculate the highest common factor of x and 91.
13
Let t(r) = -9*r + 1. Suppose d + 2*d + 3 = 0. Let l be t(d). Calculate the greatest common factor of 110 and l.
10
Let z be 4/6 - 12/(-9). Let t = 0 - z. Let k be 198/8 - t/8. Calculate the greatest common factor of k and 5.
5
Let s be (21/9 - 3)*-36. Suppose -u + 9 = 2*u. What is the greatest common factor of s and u?
3
Let x(s) = -s**2 - 7*s - 4. Let u(v) = -v - 1. Let r be u(5). Let q be x(r). Calculate the highest common divisor of q and 3.
1
Let b = 238 - 142. What is the highest common factor of 32 and b?
32
Suppose -q + 12 = 2*q. Let k be 178/11 - (-2)/(-11). What is the highest common factor of q and k?
4
Let q(h) = h**2 + 5*h - 9. Let u be q(-7). Suppose -u = k - 2*k. Suppose -k*t + t = -44. What is the greatest common divisor of 121 and t?
11
Suppose 2*q = -3*k + 325, -3*k - 5*q + 313 = -0*k. Suppose 48 + 2 = -5*t + 2*a, -68 = 4*t + 4*a. Let f = t + k. Calculate the highest common factor of 11 and f.
11
Let n = -19 + 20. Suppose -3 = -4*h + 2*d - 1, -3*h + 2*d = n. Calculate the greatest common divisor of h and 27.
3
Let m be 15/(2/24*2). Suppose -9*s = -12*s + 30. Calculate the greatest common divisor of s and m.
10
Let b(c) = 2*c**3 + c - 3*c**3 + 2*c**3 + c**2 + 36. Let q be b(0). Let u = -7 - -11. Calculate the highest common divisor of q and u.
4
Let c = -51 - -85. Let a be 5 - 3 - -14*3. Suppose -l = -5*d - 27, -5*d - a = -l - l. What is the greatest common factor of l and c?
17
Let j(b) = b**2 - 10*b + 5. Let q be j(10). Suppose 3*c + q + 7 = z, 4*c = 5*z - 104. What is the highest common divisor of z and 72?
24
Let i = 3 + -3. Suppose a - 3*a + 26 = i. Let m = -48 + 74. What is the greatest common divisor of a and m?
13
Let o be 0 - -4 - (1 + 0). Suppose -2 = -h + 18. Suppose 2*w = -w + o*j + 24, 5*w + 5*j = h. Calculate the greatest common factor of w and 3.
3
Suppose 0 = 2*v + 22 + 6. Let w = v - -31. Calculate the highest common factor of 68 and w.
17
Let y(d) = -d**2 + d - 2. Let n be y(4). Let a = -7 - n. Suppose 3*p = -p + 3*l + 190, 2*p = -4*l + 106. What is the highest common divisor of p and a?
7
Let o(c) = c**3 - 12*c**2 - 9*c + 29. Let m be o(13). What is the greatest common factor of 9 and m?
9
Let y = 35 - 32. Calculate the greatest common factor of y and 1.
1
Suppose -612 = -13*i - 248. Calculate the greatest common factor of 7 and i.
7
Suppose 2*o - o - 171 = 0. Calculate the greatest common factor of o and 19.
19
Suppose 109 = 4*t + 1. Suppose d + w + 19 = 0, -3*d - 4*w = -0*w + 61. Let s = d + t. What is the highest common divisor of s and 96?
12
Suppose -r + b - 8 = 5*b, -5*r - 5*b = -5. Calculate the greatest common divisor of r and 36.
4
Let l = -2 - -4. Suppose x + 1 = -l*b + 5, -2*b = -2*x - 4. Suppose -p + x*p = -52. What is the greatest common factor of p and 13?
13
Let y(s) = -3*s**2 + 5*s**3 + 2 + 5*s**2 - 6*s**3. Let t be y(2). What is the greatest common factor of t and 2?
2
Let f = -315 - -447. Let g(a) = -a**2 + a + 12. Let q be g(0). Calculate the greatest common divisor of f and q.
12
Let h(w) = 5*w + 270. Let k(u) = -3*u - 135. Let q(z) = 4*h(z) + 7*k(z). Let d be q(0). Calculate the highest common factor of 15 and d.
15
Let j(f) = -f**3 - f**2 + 3*f + 2. Suppose -4 = -2*q + 4*q. Let k be j(q). Let u = k + 12. What is the greatest common factor of u and 12?
12
Let y be (3 - 1) + -1 - -7. What is the highest common divisor of y and 12?
4
Let c(t) = -3*t**2 - 17*t - 6. Let h be c(-3). Let s = 118 + 26. Calculate the greatest common factor of s and h.
18
Let o be 9/18*(4 + 0). Suppose -c = 5*w - 19, -o*c = -c - 3*w + 5. Calculate the greatest common factor of 6 and c.
2
Let l be 3 - 6 - 2*-5. Let q be (-3)/(-2) - 43/(-2). Let t = -16 + q. What is the highest common divisor of t and l?
7
Let i be (-